e of -7 - (-11 - -3 - -12)?
-11
What is -3 + (2 - (4 - 5)) - -9?
9
Evaluate -12 + -2 - (36 - 39).
-11
What is the value of -12 + 8 - 5 - -10?
1
What is -26 - (-5 + -15 + 2)?
-8
What is the value of (-5 - (6 - 6)) + 0 + 4 - 2?
-3
Evaluate 2 + (-7 + -2 - -6) - (-24 - -15).
8
What is the value of -15 + -1 + 21 + 8 + -17?
-4
-1 - (-10 + 3 + 2) - (-40 + 63)
-19
Calculate (-13 - -2 - -17 - (2 + 4)) + -15.
-15
Evaluate (0 - -1 - 1) + -6 - (0 - -4).
-10
What is 10 - (-3 + 5 + -2)?
10
What is the value of -13 - -5 - (-4 + -8 + 8 + 8)?
-12
What is the value of -8 + (-2 - (5 + (-1 - 12))) + -5?
-7
Calculate -42 + -1 + -17 + 36.
-24
What is 15 - 6 - (-4 - -3 - (-15 + 11))?
6
(4 + -3 - (27 + 1)) + (92 - 84)
-19
Calculate -6 + 31 + -4 - (-38 + 30).
29
Evaluate 28 - 32 - (3 + -1).
-6
What is 1 + 16 - (386 - 384)?
15
Calculate -1 + -12 - (1 + -8 - (-317 + 309)).
-14
What is the value of 4 + 13 + -9 + -12 + 2?
-2
Evaluate (8 - 22 - -12) + -2.
-4
What is -12 - (-5 + 2 + -1 + -4 - -6)?
-10
What is the value of (-8 - (3 - -8)) + 4 - -8?
-7
2 + 9 + (16 + -10 - 7)
10
Calculate -3 + 2 + (5 + -5 - -3) + 4.
6
What is the value of (4 - 1) + (2 + -13 - (-6 - -7))?
-9
What is the value of 6 - (30 + -19 + 5) - -29?
19
What is the value of -2 + (0 - (5 - -2) - (9 + 3))?
-21
(-6 - -4) + 3 + 7 + -18
-10
What is 5 + (-26 - (5 - 12))?
-14
What is 8 + (-24 - -26) + 2?
12
Calculate 23 + (3 - 15) + 6 + (-5 - -4).
16
What is the value of (-3 - (-12 + 11 + -1)) + 2?
1
-27 + 3 - (-161 + 115)
22
What is the value of 19 + (-6 - (19 + -2))?
-4
What is -7 + (7 + -2 + -38 - -17)?
-23
What is the value of (2 - 6 - -22) + 5 + -14?
9
What is -6 + -3 + 21 + -4 + (1 - 1)?
8
What is -16 - (9 + -29) - 18?
-14
-5220 - -5214 - (13 + -2 + 2 + -1)
-18
Evaluate -8 - ((-20 - 19) + -7 - -19).
19
Evaluate -8 - (0 - (-18 - -25)).
-1
What is the value of -1 + -4 + (-2 + 0 - (-46 - -41))?
-2
Evaluate -6 - (-16 - -8) - (-14 - 5).
21
What is the value of -3 - (4 - 16) - 16?
-7
What is (-62 - (4 - 66)) + (-2 - 12)?
-14
What is the value of (2 - (-3 - -17)) + 26?
14
What is -14 + 11 + -8 - (-49 - -37)?
1
What is (-13 - 3) + 1 + (21 - 10)?
-4
What is the value of 19 + 27 + -42 - -2?
6
What is the value of (10 - (16 - 4) - -31) + 1?
30
What is (0 - -8 - (4 - -15)) + (1 - 1)?
-11
13 - ((24 - 9) + -22)
20
Calculate -9 + (-13 - (-22 - 17)).
17
-7 + (8 - 0) + 3 + 0
4
Evaluate (22 - (-10 + 12)) + -23.
-3
0 + 10 - (25 + -4)
-11
Calculate 7 + (12 - (-12 - -21)) + 8.
18
What is the value of -46 + (64 - (5 + -8))?
21
-8 - -3 - (-8 - 4 - (-1 + -2))
4
Evaluate 14 + 1 - (-12 - (8 - 22) - -3).
10
Calculate (-7 + -1 - -1) + 2 + -6.
-11
What is the value of 12 + 3 - -2 - (93 + -41)?
-35
What is the value of 360 - 374 - (0 + -12)?
-2
What is 9 - (7 + (-7 + 7 - -3))?
-1
6 + -10 + (-8 - -2)
-10
24 - (-4 + 7) - (23 + -13)
11
(-3 - -4) + -8 - -8
1
What is the value of 32 + (-23 - -19) + -12?
16
What is -6 - ((-1 - (3 + -6)) + (-7 - 20))?
19
What is 16 - (20 + (-14 - 2))?
12
Evaluate -3 + 42 + (-1 + -2 - (2 + 5)).
29
What is the value of (20 + -47 - -13) + (-3 - -1 - 9)?
-25
(-1 - -1) + (0 + 2 - -32)
34
What is 24 - (-6 + 5 - -14)?
11
What is 11 - (11 + 12 - 11)?
-1
What is the value of (-16 - (8 + -8 + -11)) + -3?
-8
Calculate (-7 - -7) + -4 - -10 - 1 - 22.
-17
Calculate -3 + 6 + (2 - (30 + -2 + 10)).
-33
What is 54 - 88 - (-1 + -16)?
-17
What is the value of (-14 - -9) + (-4 - (-5 - 7))?
3
What is the value of (-34 - (22 - 77)) + (-5 - 0) + -2?
14
-31 - ((16 - (29 - 7)) + 7)
-32
Evaluate 1 + -1 + -5 + (-20 - (-16 - 5)).
-4
Evaluate (-1 - (0 + -8)) + (35 - 43).
-1
Calculate 7 - 0 - (-888 - -895).
0
What is 6 - 0 - (1 + 2 + (14 - 22))?
11
What is the value of -9 - (8 - 13) - -8 - (14 + 0)?
-10
What is the value of (9 - (-2 + 6 + 3)) + 4?
6
-7 + -6 + 16 + 12 + -7
8
(2 - (-20 + 12)) + -4 + -24
-18
What is -14 + 13 + -2 - (4 - 1)?
-6
What is -16 - -15 - (-14 - -16 - (2 + -6))?
-7
Evaluate 2 + (-9 + -8 - -11).
-4
What is (-8 - (13 - 7)) + 26?
12
(-4 - -15) + (64 - 72)
3
What is (-184 - -180) + 0 + 26 + -10 - -5?
17
12 + (-25 - -13) + -1
-1
(23 - (1 + 2)) + (6 - 4) + -4
18
Calculate -17 + 3 + (-25 - -43) + -22.
-18
Evaluate 1 + -3 - 17 - (10 - 22).
-7
Evaluate (-5 - (-8 - -1)) + -7 + (45 - 8).
32
What is -6 - 14 - (-2 + -9 + (-6 - -12))?
-15
Evaluate 40 - 14 - 11 - 2.
13
What is (0 - -2) + 11 + -46 + 38 + 15?
20
-1 - 15 - (17 + -25 + -2)
-6
What is -1 - (-24 - 4) - (-23 + 31 - 8)?
27
What is -22 + -19 + 44 - (-2 - -15)?
-10
Evaluate (15 - (10 - -9 - 7)) + 0 + 5.
8
Evaluate -5 - (5 - (4 + -5)) - (1 + 3).
-15
What is the value of 3 - (3 + 6 + -10 - -3)?
1
Calculate (31 - (-15 - -20)) + -13.
13
What is (-33 - -17) + 41 + (-8 - -1)?
18
What is 14 + (-8 - (-2 + -1 + 51 + -49))?
7
Calculate 1 + 11 + -2 - (-38 - -59).
-11
What is the value of 0 + 6 - (23 - 19)?
2
Calculate (0 - (6 + -9 + -2 + 7)) + 7.
5
21 + -14 + 24 + -6
25
5 + 1 + -11 + 17 + -10
2
Calculate -7 + 2 + -1 + -2.
-8
What is -2 + -1 + -1 + (43 - 83 - -37)?
-7
What is the value of -7 - (-3 + -6 - -7 - (-4 + -3))?
-12
What is the value of (-5 - 6) + 2 - (-10 - 2)?
3
Calculate 46 - 18 - (0 - (1 + -1 + -6)).
22
What is the value of (-8 - -7) + -8 + 9 - (1 + -7)?
6
Calculate (-50 - -24) + 43 + 0 + -8 + 0.
9
Evaluate -30 - (-1 - 0) - (-227 + 223).
-25
Evaluate -3 + -1 + (4 + -6 - (-24 + 17)).
1
What is -11 - (-11 + 12 + -3 - 10)?
1
-30 - 18 - -29 - -7
-12
What is the value of 10 - (2 - -6) - 15 - (3 + -5)?
-11
2 + -11 + -3 + 3 + (3 - 1)
-7
Evaluate 4 + (-9 - -4) + (3 + 1 - -6).
9
Calculate (-10 + 2 - (79 + -60)) + (8 - 0).
-19
(1 - (-2 - -16)) + -2 - (122 - 127)
-10
What is the value of -3 + (7 + 0 - 7) + 2 + -6?
-7
What is the value of 2 + -5 + -2 - (-3 + (-9 - -13))?
-6
Evaluate -23 - -8 - -40 - 11.
14
What is the value of -2 + 13 + -3 + 0 + -257 + 263?
14
What is -1 + (2 - -6 - 2 - 3)?
2
What is -4 + 0 + -4 + (81 - 82)?
-9
What is the value of -5 - 0 - (25 - 60 - -32)?
-2
1 + -2 - (-37 + -8 + 33)
11
Evaluate 16 + -6 + (-13 - (10 - 6)).
-7
What is 4 + (-10 - (-1 + 1))?
-6
Calculate (-9 - ((4 - 2) + 2)) + 8.
-5
-6 + -15 + 32 + 11
22
What is the value of 0 + 0 + 2 + -3 + 3 + 10?
12
What is (2 - 2) + (4 - 5) + -1 + -5?
-7
What is the value of -15 + 23 - (-9 - -8 - 8)?
17
Calculate ((3 - -3) + 0 - (-1 + 12)) + 10.
5
What is -7 - -4 - (-3 - -1)?
-1
Evaluate 36 + -52 + 6 + 6 + 1 + -1.
-4
What is the value of -16 + (17 + 10 - -10)?
21
(5 - -14) + (48 - 62)
5
Calculate 5 - (9 + 0 - (10 - 17 - -9)).
-2
What is -9 + -28 + 40 + (1 - 1)?
3
What is 2 - ((-3 - (4 - 2)) + (2 - -4))?
1
What is (6 - (26 - 43)) + (4 - 4)?
23
4041 + -4065 + (0 - (0 + -6))
-18
What is the value of -4 + (-20 + (-7 - -12) - -7)?
-12
What is the value of -18 - (-22 - (12 + -8 + -9))?
-1
What is (107 - 114) + (-3 - -2 - (0 + -1))?
-7
What is the value of (0 - 0) + -6 - (82 + (12 - 92))?
-8
Calculate 5 + -2 - (-7 + 14 + -11).
7
Calculate (-1 - -8) + 6 + -3 + (-8 - 0).
2
What is the value of (-154 - -157 - (8 + (0 - -1))) + 25?
19
Calculate -1 + 2 + (-9 - (6 + (2 - 7))).
-9
What is 11 + (-16 + 21 - (13 + 0))?
3
Evaluate (12 - (1 + 3)) + -6 + 3 + 0.
5
What is 9 - (4 + (-2 - ((-4 - -10) + -4)))?
9
5 - 0 - 1 - 10 - (-34 - -39)
-11
What is 77 - 73 - ((3 + -3 - 0) + -3)?
7
Evaluate (7 + -7 - 3 - 0) + 4.
1
What is -10 - (-5 - -9 - -7 - 6)?
-15
Evaluate 27 + -8 + -14 - 0.
5
What is the value of -5 + -5 + 7 + -14 + 5?
-12
2 - (37 - 39 - (-7 + -2))
-5
Calculate -4 + 9 + 1 + -58 + 57.
5
Evaluate 2 - (-6 - -4 - (-1 - (-1 + -5))).
9
What is -156 + 169 + -1 + -17?
-5
-17 - (-2 + 6) - -3 - (-2 + -4)
-12
Calculate (-2 - (-3 - -11)) + -11.
-21
Evaluate -1 - -9 - ((-9 - -4) + -4 + -10).
27
Evaluate (1 - -3) + (2 + (6 - 3) - 4).
5
What is the value of (-16 - ((8 - -2) + -28)) + 2 + 27?
31
What is the value of (-3 - -8 - -8) + -12?
1
Evaluate (-5 - 2) + (-6 + -35 - -49).
1
Evaluate -27 - -38 - ((1 - -54) + -5 - 3).
-36
What is the value of (-13 - -3 - 26) + 21?
-15
What is the value of -10 - (17 + 23) - -33?
-17
Evaluate (4 - 6) + -14 + -2 + 8.
-10
What is the value of (2 - -13) + -31 + 0?
-16
Calculate -1 + -2 - ((-9 - -6 - 30) + 2).
28
What is 7 - (-8 + 17 - -10)?
-12
Evaluate (2 + -24 - -2) + 27 + -16.
-9
Calculate -13 - (-39 - (-17 - (-17 + 9))).
17
What is (-16 - (8 + -14 - 20)) + 2 + -17?
-5
What is the value of -16 + 5 + -4 + -10 + 6